{"id":6255,"date":"2026-07-29T14:17:56","date_gmt":"2026-07-29T14:17:56","guid":{"rendered":"https:\/\/stage.cemacon.ro\/produs\/or0111-latvanytegla\/"},"modified":"2026-09-02T14:57:52","modified_gmt":"2026-09-02T14:57:52","slug":"or0111-latvanytegla","status":"publish","type":"product","link":"https:\/\/stage.cemacon.ro\/hu\/produs\/or0111-latvanytegla\/","title":{"rendered":"OR0111 l\u00e1tv\u00e1nyt\u00e9gla"},"content":{"rendered":"<p>Az OR0111 l\u00e1tv\u00e1nyt\u00e9gla a v\u00f6r\u00f6s t\u00e9gla sz\u00edn\u0171 term\u00e9kek k\u00edn\u00e1lat\u00e1t egy s\u00f6t\u00e9tebb t\u00e9glav\u00f6r\u00f6s \u00e1rnyalattal eg\u00e9sz\u00edti ki, kiegyens\u00falyozott tel\u00edtetts\u00e9g\u0171 v\u00f6r\u00f6s sz\u00ednnel, amely ide\u00e1lis kort\u00e1rs \u00e9p\u00edt\u00e9szeti projektekhez. Egys\u00e9ges text\u00far\u00e1ja modern \u00e9p\u00edt\u00e9szethez \u00e9s v\u00e1rosi terekhez aj\u00e1nlja, ahol a hangs\u00faly a tiszta vonalakon, a j\u00f3l meghat\u00e1rozott kontrasztokon \u00e9s a korszer\u0171 formatervez\u00e9sen van.<\/p>\n<h3 class=\"cemacon-product-benefits-title\">Mi\u00e9rt v\u00e1laszd az OR0111 l\u00e1tv\u00e1nyt\u00e9gl\u00e1t:<\/h3>\n<ul class=\"cemacon-product-benefits-list\">\n<li>Hiteles, term\u00e9szetes \u00e9s modern megjelen\u00e9st biztos\u00edt hangs\u00falyos falakhoz \u00e9s homlokzatokhoz;<\/li>\n<li>Term\u00e9szetes sz\u00edne a f\u00f6ld sz\u00e9ps\u00e9g\u00e9t id\u00e9zi;<\/li>\n<li>Sima text\u00far\u00e1ja modern \u00e9s kort\u00e1rs projektekhez egyar\u00e1nt megfelel\u0151.<\/li>\n<\/ul>\n","protected":false},"excerpt":{"rendered":"<p>Az OR0111 l\u00e1tv\u00e1nyt\u00e9gla a v\u00f6r\u00f6s t\u00e9gl\u00e1k sz\u00ednpalett\u00e1j\u00e1t egy s\u00f6t\u00e9tebb t\u00e9glav\u00f6r\u00f6s \u00e1rnyalattal eg\u00e9sz\u00edti ki, kiegyens\u00falyozott tel\u00edtetts\u00e9g\u0171 v\u00f6r\u00f6s t\u00f3nussal.<\/p>\n","protected":false},"featured_media":6213,"comment_status":"open","ping_status":"closed","template":"","meta":{"_acf_changed":false},"product_brand":[],"product_cat":[863,868],"product_tag":[],"class_list":["post-6255","product","type-product","status-publish","has-post-thumbnail","product_cat-latvanytegla","product_cat-orizont-kollekcio","pa_culoare-piros","pa_forme-lapka","pa_forme-sarokelem","pa_forme-sarokelemek","first","instock","shipping-taxable","product-type-simple"],"acf":[],"_links":{"self":[{"href":"https:\/\/stage.cemacon.ro\/hu\/wp-json\/wp\/v2\/product\/6255","targetHints":{"allow":["GET"]}}],"collection":[{"href":"https:\/\/stage.cemacon.ro\/hu\/wp-json\/wp\/v2\/product"}],"about":[{"href":"https:\/\/stage.cemacon.ro\/hu\/wp-json\/wp\/v2\/types\/product"}],"replies":[{"embeddable":true,"href":"https:\/\/stage.cemacon.ro\/hu\/wp-json\/wp\/v2\/comments?post=6255"}],"wp:featuredmedia":[{"embeddable":true,"href":"https:\/\/stage.cemacon.ro\/hu\/wp-json\/wp\/v2\/media\/6213"}],"wp:attachment":[{"href":"https:\/\/stage.cemacon.ro\/hu\/wp-json\/wp\/v2\/media?parent=6255"}],"wp:term":[{"taxonomy":"product_brand","embeddable":true,"href":"https:\/\/stage.cemacon.ro\/hu\/wp-json\/wp\/v2\/product_brand?post=6255"},{"taxonomy":"product_cat","embeddable":true,"href":"https:\/\/stage.cemacon.ro\/hu\/wp-json\/wp\/v2\/product_cat?post=6255"},{"taxonomy":"product_tag","embeddable":true,"href":"https:\/\/stage.cemacon.ro\/hu\/wp-json\/wp\/v2\/product_tag?post=6255"}],"curies":[{"name":"wp","href":"https:\/\/api.w.org\/{rel}","templated":true}]}}

OR0111 látványtégla

<p>Az OR0111 látványtégla a vörös tégla színű termékek kínálatát egy sötétebb téglavörös árnyalattal egészíti ki, kiegyensúlyozott telítettségű vörös színnel, amely ideális kortárs építészeti projektekhez. Egységes textúrája modern építészethez és városi terekhez ajánlja, ahol a hangsúly a tiszta vonalakon, a jól meghatározott kontrasztokon és a korszerű formatervezésen van.</p>
<h3 class="cemacon-product-benefits-title">Miért válaszd az OR0111 látványtéglát:</h3>
<ul class="cemacon-product-benefits-list">
<li>Hiteles, természetes és modern megjelenést biztosít hangsúlyos falakhoz és homlokzatokhoz;</li>
<li>Természetes színe a föld szépségét idézi;</li>
<li>Sima textúrája modern és kortárs projektekhez egyaránt megfelelő.</li>
</ul>

<p>Az OR0111 látványtégla a vörös téglák színpalettáját egy sötétebb téglavörös árnyalattal egészíti ki, kiegyensúlyozott telítettségű vörös tónussal.</p>
