{"id":6493,"date":"2026-07-29T14:17:55","date_gmt":"2026-07-29T14:17:55","guid":{"rendered":"https:\/\/stage.cemacon.ro\/produs\/or0104-latvanyteglacaramida-aparenta-or0104\/"},"modified":"2026-09-03T07:05:41","modified_gmt":"2026-09-03T07:05:41","slug":"or0104-latvanytegla","status":"publish","type":"product","link":"https:\/\/stage.cemacon.ro\/hu\/produs\/or0104-latvanytegla\/","title":{"rendered":"OR0104 l\u00e1tv\u00e1nyt\u00e9gla"},"content":{"rendered":"<p>Ak\u00e1r egy hangs\u00falyos falat szeretne kialak\u00edtani, ak\u00e1r a homlokzatra szeretn\u00e9 ir\u00e1ny\u00edtani a figyelmet, az OR0104 l\u00e1tv\u00e1nyt\u00e9gla ide\u00e1lis v\u00e1laszt\u00e1s. Intenz\u00edv t\u00e9glav\u00f6r\u00f6s sz\u00edne er\u0151t \u00e9s hat\u00e1rozotts\u00e1got sug\u00e1roz, sima text\u00far\u00e1j\u00e1nak k\u00f6sz\u00f6nhet\u0151en pedig k\u00f6nnyed\u00e9n illeszkedik b\u00e1rmely \u00e9p\u00edt\u00e9szeti vagy bels\u0151\u00e9p\u00edt\u00e9szeti projektbe.<\/p>\n<p>Mi\u00e9rt v\u00e1lassza az OR0104 l\u00e1tv\u00e1nyt\u00e9gl\u00e1t:<br \/>\n\u2022 Intenz\u00edv t\u00e9glav\u00f6r\u00f6s sz\u00edn\u00e9vel kit\u0171nik k\u00f6rnyezet\u00e9b\u0151l;<br \/>\n\u2022 K\u00f6nnyen be\u00e9p\u00edthet\u0151, eszt\u00e9tikus, \u00e9lettartama pedig meghaladja a 100 \u00e9vet;<br \/>\n\u2022 K\u00f6nnyen illeszkedik mind a modern, mind a hagyom\u00e1nyos \u00e9p\u00edt\u00e9szetbe.<\/p>\n","protected":false},"excerpt":{"rendered":"<p>Az OR0104 intenz\u00edv, karakteres t\u00e9glav\u00f6r\u00f6s sz\u00edn\u0171 l\u00e1tv\u00e1nyt\u00e9gla.<\/p>\n","protected":false},"featured_media":6483,"comment_status":"open","ping_status":"closed","template":"","meta":{"_acf_changed":false},"product_brand":[],"product_cat":[863,868],"product_tag":[],"class_list":["post-6493","product","type-product","status-publish","has-post-thumbnail","product_cat-latvanytegla","product_cat-orizont-kollekcio","pa_culoare-piros","pa_forme-lapka","pa_forme-sarokelem","pa_forme-sarokelemek","first","instock","shipping-taxable","product-type-simple"],"acf":[],"_links":{"self":[{"href":"https:\/\/stage.cemacon.ro\/hu\/wp-json\/wp\/v2\/product\/6493","targetHints":{"allow":["GET"]}}],"collection":[{"href":"https:\/\/stage.cemacon.ro\/hu\/wp-json\/wp\/v2\/product"}],"about":[{"href":"https:\/\/stage.cemacon.ro\/hu\/wp-json\/wp\/v2\/types\/product"}],"replies":[{"embeddable":true,"href":"https:\/\/stage.cemacon.ro\/hu\/wp-json\/wp\/v2\/comments?post=6493"}],"wp:featuredmedia":[{"embeddable":true,"href":"https:\/\/stage.cemacon.ro\/hu\/wp-json\/wp\/v2\/media\/6483"}],"wp:attachment":[{"href":"https:\/\/stage.cemacon.ro\/hu\/wp-json\/wp\/v2\/media?parent=6493"}],"wp:term":[{"taxonomy":"product_brand","embeddable":true,"href":"https:\/\/stage.cemacon.ro\/hu\/wp-json\/wp\/v2\/product_brand?post=6493"},{"taxonomy":"product_cat","embeddable":true,"href":"https:\/\/stage.cemacon.ro\/hu\/wp-json\/wp\/v2\/product_cat?post=6493"},{"taxonomy":"product_tag","embeddable":true,"href":"https:\/\/stage.cemacon.ro\/hu\/wp-json\/wp\/v2\/product_tag?post=6493"}],"curies":[{"name":"wp","href":"https:\/\/api.w.org\/{rel}","templated":true}]}}

OR0104 látványtégla

<p>Akár egy hangsúlyos falat szeretne kialakítani, akár a homlokzatra szeretné irányítani a figyelmet, az OR0104 látványtégla ideális választás. Intenzív téglavörös színe erőt és határozottságot sugároz, sima textúrájának köszönhetően pedig könnyedén illeszkedik bármely építészeti vagy belsőépítészeti projektbe.</p>
<p>Miért válassza az OR0104 látványtéglát:<br />
• Intenzív téglavörös színével kitűnik környezetéből;<br />
• Könnyen beépíthető, esztétikus, élettartama pedig meghaladja a 100 évet;<br />
• Könnyen illeszkedik mind a modern, mind a hagyományos építészetbe.</p>

<p>Az OR0104 intenzív, karakteres téglavörös színű látványtégla.</p>
