{"id":6518,"date":"2026-07-29T14:17:55","date_gmt":"2026-07-29T14:17:55","guid":{"rendered":"https:\/\/stage.cemacon.ro\/produs\/on0105-latvanytegla\/"},"modified":"2026-09-03T07:19:04","modified_gmt":"2026-09-03T07:19:04","slug":"on0105-latvanytegla","status":"publish","type":"product","link":"https:\/\/stage.cemacon.ro\/hu\/produs\/on0105-latvanytegla\/","title":{"rendered":"ON0105 l\u00e1tv\u00e1nyt\u00e9gla"},"content":{"rendered":"<p>Az ON0105 l\u00e1tv\u00e1nyt\u00e9gla kifinomult antracitsz\u00fcrke \u00e1rnyalat\u00e1val ny\u0171g\u00f6z le; ez a m\u00e9ly sz\u00edn minden burkolt t\u00e9rnek k\u00fcl\u00f6nleges m\u00e9lys\u00e9get k\u00f6lcs\u00f6n\u00f6z. Visszafogott t\u00f3nusa j\u00f3l meghat\u00e1rozott, id\u0151t\u00e1ll\u00f3, v\u00e1rosi, s\u0151t ipari st\u00edlust sugall.<\/p>\n<p>A Pretorium l\u00e1tv\u00e1nyt\u00e9gla er\u0151teljes megjelen\u00e9s\u00e9vel kiemeli az \u00e9p\u00edt\u00e9szeti vonalakat, \u00edgy ide\u00e1lis v\u00e1laszt\u00e1s a minimalista koncepci\u00f3khoz. Az ON0105 l\u00e1tv\u00e1nyt\u00e9gla haszn\u00e1lhat\u00f3 belt\u00e9ri hangs\u00falyos falak burkol\u00e1s\u00e1ra, ahol text\u00far\u00e1ja \u00e9s sz\u00edne eml\u00e9kezetes vizu\u00e1lis kontrasztot teremt, valamint olyan fel\u00faj\u00edt\u00e1si projektekhez is, amelyek az eredeti karaktert a kort\u00e1rs eszt\u00e9tik\u00e1val k\u00edv\u00e1nj\u00e1k \u00f6tv\u00f6zni.<\/p>\n<p>Sokoldal\u00fas\u00e1g\u00e1nak k\u00f6sz\u00f6nhet\u0151en harmonikusan illeszthet\u0151 lak\u00f3- \u00e9s kereskedelmi terekbe egyar\u00e1nt, \u00edgy olyan diz\u00e1jnelemm\u00e9 v\u00e1lik, amely st\u00edlust, egys\u00e9get \u00e9s kifejez\u0151er\u0151t k\u00f6lcs\u00f6n\u00f6z minden projektnek.<\/p>\n<p>Mi\u00e9rt v\u00e1lassza az ON0105 l\u00e1tv\u00e1nyt\u00e9gl\u00e1t:<br \/>\n\u2022 Modern, ipari megjelen\u00e9s\u0171 \u2013 antracitsz\u00fcrke;<br \/>\n\u2022 Ide\u00e1lis minimalista, ugyanakkor korszer\u0171 koncepci\u00f3khoz;<br \/>\n\u2022 Sima text\u00far\u00e1ja modern \u00e9s kort\u00e1rs projektekhez egyar\u00e1nt alkalmas.<\/p>\n","protected":false},"excerpt":{"rendered":"<p>Kifinomult antracitsz\u00fcrke \u00e1rnyalat\u00e1val ez a l\u00e1tv\u00e1nyt\u00e9gla eleg\u00e1ns \u00e9s modern megjelen\u00e9st k\u00f6lcs\u00f6n\u00f6z b\u00e1rmely \u00e9p\u00edt\u00e9szeti projektnek.<\/p>\n","protected":false},"featured_media":6498,"comment_status":"open","ping_status":"closed","template":"","meta":{"_acf_changed":false},"product_brand":[],"product_cat":[863,868],"product_tag":[],"class_list":["post-6518","product","type-product","status-publish","has-post-thumbnail","product_cat-latvanytegla","product_cat-orizont-kollekcio","pa_culoare-antracit","pa_forme-lapka","pa_forme-sarokelem","pa_forme-sarokelemek","first","instock","shipping-taxable","product-type-simple"],"acf":[],"_links":{"self":[{"href":"https:\/\/stage.cemacon.ro\/hu\/wp-json\/wp\/v2\/product\/6518","targetHints":{"allow":["GET"]}}],"collection":[{"href":"https:\/\/stage.cemacon.ro\/hu\/wp-json\/wp\/v2\/product"}],"about":[{"href":"https:\/\/stage.cemacon.ro\/hu\/wp-json\/wp\/v2\/types\/product"}],"replies":[{"embeddable":true,"href":"https:\/\/stage.cemacon.ro\/hu\/wp-json\/wp\/v2\/comments?post=6518"}],"wp:featuredmedia":[{"embeddable":true,"href":"https:\/\/stage.cemacon.ro\/hu\/wp-json\/wp\/v2\/media\/6498"}],"wp:attachment":[{"href":"https:\/\/stage.cemacon.ro\/hu\/wp-json\/wp\/v2\/media?parent=6518"}],"wp:term":[{"taxonomy":"product_brand","embeddable":true,"href":"https:\/\/stage.cemacon.ro\/hu\/wp-json\/wp\/v2\/product_brand?post=6518"},{"taxonomy":"product_cat","embeddable":true,"href":"https:\/\/stage.cemacon.ro\/hu\/wp-json\/wp\/v2\/product_cat?post=6518"},{"taxonomy":"product_tag","embeddable":true,"href":"https:\/\/stage.cemacon.ro\/hu\/wp-json\/wp\/v2\/product_tag?post=6518"}],"curies":[{"name":"wp","href":"https:\/\/api.w.org\/{rel}","templated":true}]}}

ON0105 látványtégla

<p>Az ON0105 látványtégla kifinomult antracitszürke árnyalatával nyűgöz le; ez a mély szín minden burkolt térnek különleges mélységet kölcsönöz. Visszafogott tónusa jól meghatározott, időtálló, városi, sőt ipari stílust sugall.</p>
<p>A Pretorium látványtégla erőteljes megjelenésével kiemeli az építészeti vonalakat, így ideális választás a minimalista koncepciókhoz. Az ON0105 látványtégla használható beltéri hangsúlyos falak burkolására, ahol textúrája és színe emlékezetes vizuális kontrasztot teremt, valamint olyan felújítási projektekhez is, amelyek az eredeti karaktert a kortárs esztétikával kívánják ötvözni.</p>
<p>Sokoldalúságának köszönhetően harmonikusan illeszthető lakó- és kereskedelmi terekbe egyaránt, így olyan dizájnelemmé válik, amely stílust, egységet és kifejezőerőt kölcsönöz minden projektnek.</p>
<p>Miért válassza az ON0105 látványtéglát:<br />
• Modern, ipari megjelenésű – antracitszürke;<br />
• Ideális minimalista, ugyanakkor korszerű koncepciókhoz;<br />
• Sima textúrája modern és kortárs projektekhez egyaránt alkalmas.</p>

<p>Kifinomult antracitszürke árnyalatával ez a látványtégla elegáns és modern megjelenést kölcsönöz bármely építészeti projektnek.</p>
