{"id":6543,"date":"2026-07-29T14:17:55","date_gmt":"2026-07-29T14:17:55","guid":{"rendered":"https:\/\/stage.cemacon.ro\/produs\/vc2101-latvanytegla\/"},"modified":"2026-07-29T14:17:55","modified_gmt":"2026-07-29T14:17:55","slug":"vc2101-latvanytegla","status":"publish","type":"product","link":"https:\/\/stage.cemacon.ro\/hu\/produs\/vc2101-latvanytegla\/","title":{"rendered":"VC2101 l\u00e1tv\u00e1nyt\u00e9gla"},"content":{"rendered":"<p>A VC2101 l\u00e1tv\u00e1nyt\u00e9gla a vil\u00e1gos b\u00e9zs t\u00f3nusok, valamint a fekete \u00e9s barna patin\u00e1s \u00e1rnyalatok kifinomult kombin\u00e1ci\u00f3j\u00e1val t\u0171nik ki, felid\u00e9zve a holdf\u00e9nyben diszkr\u00e9ten megvil\u00e1g\u00edtott t\u00f6rt\u00e9nelmi falak sz\u00e9ps\u00e9g\u00e9t.<\/p>\n<p>Eleg\u00e1ns megjelen\u00e9se m\u00e9lys\u00e9get \u00e9s kifejez\u0151er\u0151t k\u00f6lcs\u00f6n\u00f6z a fel\u00fcleteknek, finom egyens\u00falyt teremtve a hagyom\u00e1ny \u00e9s a modernit\u00e1s k\u00f6z\u00f6tt. Gondosan kialak\u00edtott text\u00far\u00e1ja hiteless\u00e9get sug\u00e1roz, \u00e9s minden homlokzatot vagy bels\u0151 teret eml\u00e9kezetes vizu\u00e1lis elemm\u00e9 alak\u00edt. <\/p>\n<p>Ak\u00e1r karakteres homlokzatokon, ak\u00e1r eleg\u00e1ns bels\u0151 terekben alkalmazz\u00e1k, ez a l\u00e1tv\u00e1nyt\u00e9gla egyedis\u00e9get \u00e9s eleganci\u00e1t k\u00f6lcs\u00f6n\u00f6z, kiemelve az \u00e9p\u00edt\u00e9szeti vonalakat \u00e9s a diz\u00e1jn r\u00e9szleteit. \u00c1rnyalatainak \u00e9s text\u00far\u00e1inak finom j\u00e1t\u00e9k\u00e1val a VC2101 minden fel\u00fcletet harmonikus kompoz\u00edci\u00f3v\u00e1 alak\u00edt, amely maradand\u00f3 benyom\u00e1st kelt \u00e9s id\u0151t\u00e1ll\u00f3 marad. <\/p>\n<h3 class=\"cemacon-product-benefits-title\">Mi\u00e9rt v\u00e1lassza a VC2101 l\u00e1tv\u00e1nyt\u00e9gl\u00e1t:<\/h3>\n<ul class=\"cemacon-product-benefits-list\">\n<li>A modell sz\u00ednt\u00f3nusai harmonikusan \u00f6tv\u00f6zik a t\u00f6rt\u00e9nelmi ihletet a kort\u00e1rs diz\u00e1jnnal;<\/li>\n<li>Ide\u00e1lis azokhoz a projektekhez, amelyek egyens\u00falyt k\u00edv\u00e1nnak teremteni a klasszikus \u00e9s a modern st\u00edlus k\u00f6z\u00f6tt;<\/li>\n<li>Er\u0151teljes vizu\u00e1lis hat\u00e1st kelt text\u00far\u00e1j\u00e1nak \u00e9s az \u00f6sszhat\u00e1s \u00e1rnyalatainak finom j\u00e1t\u00e9k\u00e1nak k\u00f6sz\u00f6nhet\u0151en.<\/li>\n<\/ul>\n","protected":false},"excerpt":{"rendered":"<p>A VC2101 l\u00e1tv\u00e1nyt\u00e9gla a vil\u00e1gos b\u00e9zs t\u00f3nusok eleganci\u00e1j\u00e1t fekete \u00e9s barna patin\u00e1s \u00e1rnyalatokkal \u00f6tv\u00f6zi, felid\u00e9zve a holdf\u00e9nyben f\u00fcrd\u0151 t\u00f6rt\u00e9nelmi falak sz\u00e9ps\u00e9g\u00e9t.<\/p>\n","protected":false},"featured_media":6535,"comment_status":"open","ping_status":"closed","template":"","meta":{"_acf_changed":false},"product_brand":[],"product_cat":[863,867],"product_tag":[],"class_list":["post-6543","product","type-product","status-publish","has-post-thumbnail","product_cat-latvanytegla","product_cat-vis-kollekcio","pa_culoare-krem","pa_forme-lapka","pa_forme-sarokelem","pa_forme-sarokelemek","first","instock","shipping-taxable","product-type-simple"],"acf":[],"_links":{"self":[{"href":"https:\/\/stage.cemacon.ro\/hu\/wp-json\/wp\/v2\/product\/6543","targetHints":{"allow":["GET"]}}],"collection":[{"href":"https:\/\/stage.cemacon.ro\/hu\/wp-json\/wp\/v2\/product"}],"about":[{"href":"https:\/\/stage.cemacon.ro\/hu\/wp-json\/wp\/v2\/types\/product"}],"replies":[{"embeddable":true,"href":"https:\/\/stage.cemacon.ro\/hu\/wp-json\/wp\/v2\/comments?post=6543"}],"wp:featuredmedia":[{"embeddable":true,"href":"https:\/\/stage.cemacon.ro\/hu\/wp-json\/wp\/v2\/media\/6535"}],"wp:attachment":[{"href":"https:\/\/stage.cemacon.ro\/hu\/wp-json\/wp\/v2\/media?parent=6543"}],"wp:term":[{"taxonomy":"product_brand","embeddable":true,"href":"https:\/\/stage.cemacon.ro\/hu\/wp-json\/wp\/v2\/product_brand?post=6543"},{"taxonomy":"product_cat","embeddable":true,"href":"https:\/\/stage.cemacon.ro\/hu\/wp-json\/wp\/v2\/product_cat?post=6543"},{"taxonomy":"product_tag","embeddable":true,"href":"https:\/\/stage.cemacon.ro\/hu\/wp-json\/wp\/v2\/product_tag?post=6543"}],"curies":[{"name":"wp","href":"https:\/\/api.w.org\/{rel}","templated":true}]}}

VC2101 látványtégla

<p>A VC2101 látványtégla a világos bézs tónusok, valamint a fekete és barna patinás árnyalatok kifinomult kombinációjával tűnik ki, felidézve a holdfényben diszkréten megvilágított történelmi falak szépségét.</p>
<p>Elegáns megjelenése mélységet és kifejezőerőt kölcsönöz a felületeknek, finom egyensúlyt teremtve a hagyomány és a modernitás között. Gondosan kialakított textúrája hitelességet sugároz, és minden homlokzatot vagy belső teret emlékezetes vizuális elemmé alakít. </p>
<p>Akár karakteres homlokzatokon, akár elegáns belső terekben alkalmazzák, ez a látványtégla egyediséget és eleganciát kölcsönöz, kiemelve az építészeti vonalakat és a dizájn részleteit. Árnyalatainak és textúráinak finom játékával a VC2101 minden felületet harmonikus kompozícióvá alakít, amely maradandó benyomást kelt és időtálló marad. </p>
<h3 class="cemacon-product-benefits-title">Miért válassza a VC2101 látványtéglát:</h3>
<ul class="cemacon-product-benefits-list">
<li>A modell színtónusai harmonikusan ötvözik a történelmi ihletet a kortárs dizájnnal;</li>
<li>Ideális azokhoz a projektekhez, amelyek egyensúlyt kívánnak teremteni a klasszikus és a modern stílus között;</li>
<li>Erőteljes vizuális hatást kelt textúrájának és az összhatás árnyalatainak finom játékának köszönhetően.</li>
</ul>

<p>A VC2101 látványtégla a világos bézs tónusok eleganciáját fekete és barna patinás árnyalatokkal ötvözi, felidézve a holdfényben fürdő történelmi falak szépségét.</p>
