{"id":6572,"date":"2026-07-29T14:17:54","date_gmt":"2026-07-29T14:17:54","guid":{"rendered":"https:\/\/stage.cemacon.ro\/produs\/om0112-latvanytegla\/"},"modified":"2026-07-29T14:17:54","modified_gmt":"2026-07-29T14:17:54","slug":"om0112-latvanytegla","status":"publish","type":"product","link":"https:\/\/stage.cemacon.ro\/hu\/produs\/om0112-latvanytegla\/","title":{"rendered":"OM0112 l\u00e1tv\u00e1nyt\u00e9gla"},"content":{"rendered":"<p>Az OM0112 l\u00e1tv\u00e1nyt\u00e9gla meleg barna \u00e1rnyalatot \u00e1ll\u00edt a k\u00f6z\u00e9ppontba, amelyet azoknak a nyugodt reggeleknek a hangulata ihletett, amikor tejesk\u00e1v\u00e9t kortyolunk \u00e9s \u00e9lvezz\u00fck a nap els\u0151 sugarait.<\/p>\n<p>Vil\u00e1gos, kiegyens\u00falyozott \u00e9s kellemes barna sz\u00edne kifinomult megjelen\u00e9sbe \u00f6lt\u00f6zteti az otthont, \u00e9s term\u00e9szetesen illeszkedik b\u00e1rmilyen k\u00f6rnyezetbe, legyen sz\u00f3 modern lak\u00f3negyedr\u0151l vagy dinamikus v\u00e1rosi k\u00f6zegr\u0151l.<\/p>\n<p>Sima text\u00far\u00e1ja t\u00f6k\u00e9letesen kieg\u00e9sz\u00edti a kort\u00e1rs \u00e9p\u00edt\u00e9szetet, \u00e9s olyan diz\u00e1jnelemm\u00e9 v\u00e1lik, amely szem\u00e9lyis\u00e9get \u00e9s egys\u00e9get k\u00f6lcs\u00f6n\u00f6z az eg\u00e9sz projektnek. Az OM0112 l\u00e1tv\u00e1nyt\u00e9gla ide\u00e1lis v\u00e1laszt\u00e1s azok sz\u00e1m\u00e1ra, akik st\u00edlusos, kiegyens\u00falyozott, meleg, ugyanakkor modern megjelen\u00e9s\u0171 otthonra v\u00e1gynak. <\/p>\n<p>Mi\u00e9rt v\u00e1lassza az OM0112 l\u00e1tv\u00e1nyt\u00e9gl\u00e1t:<br \/>\u2022 Term\u00e9szetes agyagb\u00f3l k\u00e9sz\u00fcl, tart\u00f3s \u00e9s nagy ellen\u00e1ll\u00f3 k\u00e9pess\u00e9g\u0171<br \/>\u2022 K\u00f6nnyen be\u00e9p\u00edthet\u0151<br \/>\u2022 K\u00f6nnyen illeszkedik b\u00e1rmilyen \u00e9p\u00edt\u00e9szeti k\u00f6rnyezetbe, kellemes melegs\u00e9g- \u00e9s nyugalom\u00e9rzetet teremtve<\/p>\n","protected":false},"excerpt":{"rendered":"<p>Az OM0112 l\u00e1tv\u00e1nyt\u00e9gla azoknak a nyugodt reggeleknek a pihentet\u0151 hangulat\u00e1t id\u00e9zi, amikor csendben tejesk\u00e1v\u00e9t \u00e9s meleg pir\u00edt\u00f3st fogyasztunk reggelire.<\/p>\n","protected":false},"featured_media":6567,"comment_status":"open","ping_status":"closed","template":"","meta":{"_acf_changed":false},"product_brand":[],"product_cat":[863,868],"product_tag":[],"class_list":["post-6572","product","type-product","status-publish","has-post-thumbnail","product_cat-latvanytegla","product_cat-orizont-kollekcio","pa_culoare-barna","pa_forme-lapka","pa_forme-sarokelem","pa_forme-sarokelemek","first","instock","shipping-taxable","product-type-simple"],"acf":[],"_links":{"self":[{"href":"https:\/\/stage.cemacon.ro\/hu\/wp-json\/wp\/v2\/product\/6572","targetHints":{"allow":["GET"]}}],"collection":[{"href":"https:\/\/stage.cemacon.ro\/hu\/wp-json\/wp\/v2\/product"}],"about":[{"href":"https:\/\/stage.cemacon.ro\/hu\/wp-json\/wp\/v2\/types\/product"}],"replies":[{"embeddable":true,"href":"https:\/\/stage.cemacon.ro\/hu\/wp-json\/wp\/v2\/comments?post=6572"}],"wp:featuredmedia":[{"embeddable":true,"href":"https:\/\/stage.cemacon.ro\/hu\/wp-json\/wp\/v2\/media\/6567"}],"wp:attachment":[{"href":"https:\/\/stage.cemacon.ro\/hu\/wp-json\/wp\/v2\/media?parent=6572"}],"wp:term":[{"taxonomy":"product_brand","embeddable":true,"href":"https:\/\/stage.cemacon.ro\/hu\/wp-json\/wp\/v2\/product_brand?post=6572"},{"taxonomy":"product_cat","embeddable":true,"href":"https:\/\/stage.cemacon.ro\/hu\/wp-json\/wp\/v2\/product_cat?post=6572"},{"taxonomy":"product_tag","embeddable":true,"href":"https:\/\/stage.cemacon.ro\/hu\/wp-json\/wp\/v2\/product_tag?post=6572"}],"curies":[{"name":"wp","href":"https:\/\/api.w.org\/{rel}","templated":true}]}}

OM0112 látványtégla

<p>Az OM0112 látványtégla meleg barna árnyalatot állít a középpontba, amelyet azoknak a nyugodt reggeleknek a hangulata ihletett, amikor tejeskávét kortyolunk és élvezzük a nap első sugarait.</p>
<p>Világos, kiegyensúlyozott és kellemes barna színe kifinomult megjelenésbe öltözteti az otthont, és természetesen illeszkedik bármilyen környezetbe, legyen szó modern lakónegyedről vagy dinamikus városi közegről.</p>
<p>Sima textúrája tökéletesen kiegészíti a kortárs építészetet, és olyan dizájnelemmé válik, amely személyiséget és egységet kölcsönöz az egész projektnek. Az OM0112 látványtégla ideális választás azok számára, akik stílusos, kiegyensúlyozott, meleg, ugyanakkor modern megjelenésű otthonra vágynak. </p>
<p>Miért válassza az OM0112 látványtéglát:<br />• Természetes agyagból készül, tartós és nagy ellenálló képességű<br />• Könnyen beépíthető<br />• Könnyen illeszkedik bármilyen építészeti környezetbe, kellemes melegség- és nyugalomérzetet teremtve</p>

<p>Az OM0112 látványtégla azoknak a nyugodt reggeleknek a pihentető hangulatát idézi, amikor csendben tejeskávét és meleg pirítóst fogyasztunk reggelire.</p>
