{"id":6581,"date":"2026-07-29T14:17:55","date_gmt":"2026-07-29T14:17:55","guid":{"rendered":"https:\/\/stage.cemacon.ro\/produs\/or0113-latvanytegla\/"},"modified":"2026-07-29T14:17:55","modified_gmt":"2026-07-29T14:17:55","slug":"or0113-latvanytegla","status":"publish","type":"product","link":"https:\/\/stage.cemacon.ro\/hu\/produs\/or0113-latvanytegla\/","title":{"rendered":"OR0113 l\u00e1tv\u00e1nyt\u00e9gla"},"content":{"rendered":"<p>Az OR0113 l\u00e1tv\u00e1nyt\u00e9gla szokatlan t\u00e9glav\u00f6r\u00f6s-narancss\u00e1rga \u00e1rnyalat\u00fa, \u00e9l\u00e9nk \u00e9s friss sz\u00edn, amely azoknak sz\u00f3l, akik j\u00e1t\u00e9kos \u00e9s laza szeml\u00e9lettel alak\u00edtj\u00e1k ki tereiket. Sima text\u00far\u00e1ja belt\u00e9ri \u00e9s k\u00fclt\u00e9ri haszn\u00e1latra egyar\u00e1nt alkalmas, \u00e9s t\u00f6k\u00e9letesen illeszkedik a modern \u00e9p\u00edt\u00e9szethez, valamint a kort\u00e1rs v\u00e1rosi k\u00f6rnyezethez.<\/p>\n<p><strong>Mi\u00e9rt v\u00e1lassza az OR0113 l\u00e1tv\u00e1nyt\u00e9gl\u00e1t:<\/strong><\/p>\n<ul>\n<li>Hiteles, term\u00e9szetes \u00e9s modern megjelen\u00e9s hangs\u00falyos falakhoz \u00e9s homlokzatokhoz;<\/li>\n<li>Term\u00e9szetes sz\u00edn, amely az agyag sz\u00e9ps\u00e9g\u00e9t id\u00e9zi;<\/li>\n<li>Sima text\u00fara, amely modern \u00e9s kort\u00e1rs projektekhez egyar\u00e1nt illik;<\/li>\n<\/ul>\n","protected":false},"excerpt":{"rendered":"<p>V\u00e1lassza az OR0113 l\u00e1tv\u00e1nyt\u00e9gl\u00e1t, amelynek szokatlan t\u00e9glav\u00f6r\u00f6s-narancss\u00e1rga \u00e1rnyalata friss, \u00fcde \u00e9s \u00e9l\u00e9nk; remek\u00fcl illik a j\u00e1t\u00e9kos megk\u00f6zel\u00edt\u00e9s\u0171 projektekhez.<\/p>\n","protected":false},"featured_media":6574,"comment_status":"open","ping_status":"closed","template":"","meta":{"_acf_changed":false},"product_brand":[],"product_cat":[863,868],"product_tag":[],"class_list":["post-6581","product","type-product","status-publish","has-post-thumbnail","product_cat-latvanytegla","product_cat-orizont-kollekcio","pa_culoare-piros","pa_forme-lapka","pa_forme-sarokelem","pa_forme-sarokelemek","first","instock","shipping-taxable","product-type-simple"],"acf":[],"_links":{"self":[{"href":"https:\/\/stage.cemacon.ro\/hu\/wp-json\/wp\/v2\/product\/6581","targetHints":{"allow":["GET"]}}],"collection":[{"href":"https:\/\/stage.cemacon.ro\/hu\/wp-json\/wp\/v2\/product"}],"about":[{"href":"https:\/\/stage.cemacon.ro\/hu\/wp-json\/wp\/v2\/types\/product"}],"replies":[{"embeddable":true,"href":"https:\/\/stage.cemacon.ro\/hu\/wp-json\/wp\/v2\/comments?post=6581"}],"wp:featuredmedia":[{"embeddable":true,"href":"https:\/\/stage.cemacon.ro\/hu\/wp-json\/wp\/v2\/media\/6574"}],"wp:attachment":[{"href":"https:\/\/stage.cemacon.ro\/hu\/wp-json\/wp\/v2\/media?parent=6581"}],"wp:term":[{"taxonomy":"product_brand","embeddable":true,"href":"https:\/\/stage.cemacon.ro\/hu\/wp-json\/wp\/v2\/product_brand?post=6581"},{"taxonomy":"product_cat","embeddable":true,"href":"https:\/\/stage.cemacon.ro\/hu\/wp-json\/wp\/v2\/product_cat?post=6581"},{"taxonomy":"product_tag","embeddable":true,"href":"https:\/\/stage.cemacon.ro\/hu\/wp-json\/wp\/v2\/product_tag?post=6581"}],"curies":[{"name":"wp","href":"https:\/\/api.w.org\/{rel}","templated":true}]}}

OR0113 látványtégla

<p>Az OR0113 látványtégla szokatlan téglavörös-narancssárga árnyalatú, élénk és friss szín, amely azoknak szól, akik játékos és laza szemlélettel alakítják ki tereiket. Sima textúrája beltéri és kültéri használatra egyaránt alkalmas, és tökéletesen illeszkedik a modern építészethez, valamint a kortárs városi környezethez.</p>
<p><strong>Miért válassza az OR0113 látványtéglát:</strong></p>
<ul>
<li>Hiteles, természetes és modern megjelenés hangsúlyos falakhoz és homlokzatokhoz;</li>
<li>Természetes szín, amely az agyag szépségét idézi;</li>
<li>Sima textúra, amely modern és kortárs projektekhez egyaránt illik;</li>
</ul>

<p>Válassza az OR0113 látványtéglát, amelynek szokatlan téglavörös-narancssárga árnyalata friss, üde és élénk; remekül illik a játékos megközelítésű projektekhez.</p>
