{"id":6660,"date":"2026-07-29T14:17:54","date_gmt":"2026-07-29T14:17:54","guid":{"rendered":"https:\/\/stage.cemacon.ro\/produs\/oc0109-latvanytegla\/"},"modified":"2026-07-29T14:17:54","modified_gmt":"2026-07-29T14:17:54","slug":"oc0109-latvanytegla","status":"publish","type":"product","link":"https:\/\/stage.cemacon.ro\/hu\/produs\/oc0109-latvanytegla\/","title":{"rendered":"OC0109 l\u00e1tv\u00e1nyt\u00e9gla"},"content":{"rendered":"<p>Az OC0109 l\u00e1tv\u00e1nyt\u00e9gla azoknak k\u00e9sz\u00fclt, akik szeretn\u00e9k felid\u00e9zni a tengerpart finom homokj\u00e1nak meleg \u00e9s term\u00e9szetes sz\u00edneit, amelyek a nappali f\u00e9ny v\u00e1ltoz\u00e1s\u00e1val egy\u00fctt \u00e1talakulnak, \u00edgy a homlokzat k\u00fcl\u00f6nleges, mindig m\u00e1s \u00e9s mindig \u00e9l\u0151 kifejez\u0151er\u0151t kap.<\/p>\n<p>Ez a finom \u00e1talakul\u00e1s dinamizmust \u00e9s m\u00e9lys\u00e9get k\u00f6lcs\u00f6n\u00f6z az \u00e9p\u00fcletnek an\u00e9lk\u00fcl, hogy vesz\u00edtene eleganci\u00e1j\u00e1b\u00f3l. Sima text\u00far\u00e1ja t\u00f6k\u00e9letesen kieg\u00e9sz\u00edti a modern \u00e9p\u00edt\u00e9szetet, kiemelve a letisztult vonalakat \u00e9s a kort\u00e1rs t\u00f6megeket. <\/p>\n<p>Az OC0109 l\u00e1tv\u00e1nyt\u00e9gla nem csup\u00e1n burkol\u00f3anyag, hanem a k\u00f6rnyezettel \u00e9s a term\u00e9szetes f\u00e9nnyel harmonikusan \u00f6sszekapcsol\u00f3d\u00f3 elem, ez\u00e9rt ide\u00e1lis v\u00e1laszt\u00e1s olyan projektekhez, amelyek hossz\u00fa t\u00e1von is meg\u0151rzik id\u0151szer\u0171s\u00e9g\u00fcket.<\/p>\n<p>Mi\u00e9rt v\u00e1lassza az OC0109 l\u00e1tv\u00e1nyt\u00e9gl\u00e1t:<br \/>\n\u2022 hossz\u00fa t\u00e1v\u00fa tart\u00f3ss\u00e1got biztos\u00edt, ellen\u00e1ll az id\u0151j\u00e1r\u00e1s viszontags\u00e1gainak \u00e9s k\u00f6nnyen be\u00e9p\u00edthet\u0151;<br \/>\n\u2022 gondosan kialak\u00edtott m\u00e9retei \u00e9s fel\u00fclete lehet\u0151v\u00e9 teszik a gyors alkalmaz\u00e1st k\u00fcl\u00f6nb\u00f6z\u0151 projektekben;<br \/>\n\u2022 t\u00f6k\u00e9letesen illeszkedik a modern \u00e9s v\u00e1rosi \u00e9p\u00edt\u00e9szethez.<\/p>\n","protected":false},"excerpt":{"rendered":"<p>Az OC0109 l\u00e1tv\u00e1nyt\u00e9gla a tengerparti homok sz\u00edn\u00e9ben k\u00e9sz\u00fcl, \u00e1rnyalata pedig a nap folyam\u00e1n k\u00fcl\u00f6nb\u00f6z\u0151 kr\u00e9m-, b\u00e9zs- \u00e9s khakisz\u00fcrke t\u00f3nusokk\u00e1 alakul.<\/p>\n","protected":false},"featured_media":6609,"comment_status":"open","ping_status":"closed","template":"","meta":{"_acf_changed":false},"product_brand":[],"product_cat":[863,868],"product_tag":[],"class_list":["post-6660","product","type-product","status-publish","has-post-thumbnail","product_cat-latvanytegla","product_cat-orizont-kollekcio","pa_culoare-krem","pa_forme-lapka","pa_forme-sarokelem","pa_forme-sarokelemek","first","instock","shipping-taxable","product-type-simple"],"acf":[],"_links":{"self":[{"href":"https:\/\/stage.cemacon.ro\/hu\/wp-json\/wp\/v2\/product\/6660","targetHints":{"allow":["GET"]}}],"collection":[{"href":"https:\/\/stage.cemacon.ro\/hu\/wp-json\/wp\/v2\/product"}],"about":[{"href":"https:\/\/stage.cemacon.ro\/hu\/wp-json\/wp\/v2\/types\/product"}],"replies":[{"embeddable":true,"href":"https:\/\/stage.cemacon.ro\/hu\/wp-json\/wp\/v2\/comments?post=6660"}],"wp:featuredmedia":[{"embeddable":true,"href":"https:\/\/stage.cemacon.ro\/hu\/wp-json\/wp\/v2\/media\/6609"}],"wp:attachment":[{"href":"https:\/\/stage.cemacon.ro\/hu\/wp-json\/wp\/v2\/media?parent=6660"}],"wp:term":[{"taxonomy":"product_brand","embeddable":true,"href":"https:\/\/stage.cemacon.ro\/hu\/wp-json\/wp\/v2\/product_brand?post=6660"},{"taxonomy":"product_cat","embeddable":true,"href":"https:\/\/stage.cemacon.ro\/hu\/wp-json\/wp\/v2\/product_cat?post=6660"},{"taxonomy":"product_tag","embeddable":true,"href":"https:\/\/stage.cemacon.ro\/hu\/wp-json\/wp\/v2\/product_tag?post=6660"}],"curies":[{"name":"wp","href":"https:\/\/api.w.org\/{rel}","templated":true}]}}

OC0109 látványtégla

<p>Az OC0109 látványtégla azoknak készült, akik szeretnék felidézni a tengerpart finom homokjának meleg és természetes színeit, amelyek a nappali fény változásával együtt átalakulnak, így a homlokzat különleges, mindig más és mindig élő kifejezőerőt kap.</p>
<p>Ez a finom átalakulás dinamizmust és mélységet kölcsönöz az épületnek anélkül, hogy veszítene eleganciájából. Sima textúrája tökéletesen kiegészíti a modern építészetet, kiemelve a letisztult vonalakat és a kortárs tömegeket. </p>
<p>Az OC0109 látványtégla nem csupán burkolóanyag, hanem a környezettel és a természetes fénnyel harmonikusan összekapcsolódó elem, ezért ideális választás olyan projektekhez, amelyek hosszú távon is megőrzik időszerűségüket.</p>
<p>Miért válassza az OC0109 látványtéglát:<br />
• hosszú távú tartósságot biztosít, ellenáll az időjárás viszontagságainak és könnyen beépíthető;<br />
• gondosan kialakított méretei és felülete lehetővé teszik a gyors alkalmazást különböző projektekben;<br />
• tökéletesen illeszkedik a modern és városi építészethez.</p>

<p>Az OC0109 látványtégla a tengerparti homok színében készül, árnyalata pedig a nap folyamán különböző krém-, bézs- és khakiszürke tónusokká alakul.</p>
