{"id":6746,"date":"2026-07-29T14:17:52","date_gmt":"2026-07-29T14:17:52","guid":{"rendered":"https:\/\/stage.cemacon.ro\/produs\/vr0107-latvanytegla\/"},"modified":"2026-07-29T14:17:52","modified_gmt":"2026-07-29T14:17:52","slug":"vr0107-latvanytegla","status":"publish","type":"product","link":"https:\/\/stage.cemacon.ro\/hu\/produs\/vr0107-latvanytegla\/","title":{"rendered":"VR0107 l\u00e1tv\u00e1nyt\u00e9gla"},"content":{"rendered":"<p>A VR0107 l\u00e1tv\u00e1nyt\u00e9gla a term\u00e9szetes \u00e1rnyalatok kiegyens\u00falyozott kombin\u00e1ci\u00f3j\u00e1val ny\u0171g\u00f6z le, amelyben a t\u00e9glasz\u00edn\u0171 akcentusok harmonikusan \u00f6tv\u00f6z\u0151dnek a finom s\u00f6t\u00e9tbarna foltokkal. Ez a sz\u00ednpaletta er\u0151teljes vizu\u00e1lis hat\u00e1st kelt, amelyet a hagyom\u00e1nyos anyagok text\u00far\u00e1ja ihletett. <\/p>\n<p>A VR0107 l\u00e1tv\u00e1nyt\u00e9glamodell szil\u00e1rds\u00e1got \u00e9s kifinomults\u00e1got sug\u00e1roz, sokoldal\u00fa megjelen\u00e9se pedig lehet\u0151v\u00e9 teszi, hogy modern koncepci\u00f3kba vagy klasszikus hat\u00e1sokkal rendelkez\u0151 bels\u0151 terekbe is beilleszthet\u0151 legyen, egyens\u00falyt teremtve a m\u00falt \u00e9s a jelen k\u00f6z\u00f6tt.<\/p>\n<p>A gondosan kidolgozott text\u00fara kiemel minden apr\u00f3 r\u00e9szletet, \u00edgy a homlokzatoknak \u00e9s a bels\u0151 tereknek egyedi \u00e9s eml\u00e9kezetes hangulatot k\u00f6lcs\u00f6n\u00f6z. A VR0107 l\u00e1tv\u00e1nyt\u00e9gla t\u00f6bb, mint egyszer\u0171 burkol\u00f3anyag: hozz\u00e1j\u00e1rul egy er\u0151s, id\u0151t\u00e1ll\u00f3 vizu\u00e1lis identit\u00e1s kialak\u00edt\u00e1s\u00e1hoz. Ide\u00e1lis v\u00e1laszt\u00e1s azok sz\u00e1m\u00e1ra, akik a tart\u00f3ss\u00e1got, az eredetis\u00e9get \u00e9s a tart\u00f3s eszt\u00e9tikai hat\u00e1st keresik.  <\/p>\n<p>Mi\u00e9rt \u00e9rdemes a VR0107 l\u00e1tv\u00e1nyt\u00e9gl\u00e1t v\u00e1lasztani:<br \/>\n\u2022 Er\u0151s vizu\u00e1lis hat\u00e1st kelt, amelyet a hagyom\u00e1nyos anyagok text\u00far\u00e1ja ihletett;<br \/>\n\u2022 Sokoldal\u00fas\u00e1ga lehet\u0151v\u00e9 teszi a modern \u00e9p\u00edt\u00e9szetbe val\u00f3 be\u00e9p\u00edt\u00e9s\u00e9t is;<br \/>\n\u2022 A sima text\u00fara egyedi hangulatot k\u00f6lcs\u00f6n\u00f6z a tereknek, \u00e9s hozz\u00e1j\u00e1rul egy er\u0151s vizu\u00e1lis identit\u00e1s kialak\u00edt\u00e1s\u00e1hoz.<\/p>\n","protected":false},"excerpt":{"rendered":"<p>Term\u00e9szetes \u00e1rnyalatainak kombin\u00e1ci\u00f3j\u00e1val, t\u00e9glav\u00f6r\u00f6s akcentusaival \u00e9s finom s\u00f6t\u00e9tbarna foltjaival a VR0107 l\u00e1tv\u00e1nyt\u00e9gla a robusztus elegancia szimb\u00f3luma.<\/p>\n","protected":false},"featured_media":6729,"comment_status":"open","ping_status":"closed","template":"","meta":{"_acf_changed":false},"product_brand":[],"product_cat":[863,867],"product_tag":[],"class_list":["post-6746","product","type-product","status-publish","has-post-thumbnail","product_cat-latvanytegla","product_cat-vis-kollekcio","pa_culoare-piros","pa_forme-lapka","pa_forme-sarokelem","pa_forme-sarokelemek","first","instock","shipping-taxable","product-type-simple"],"acf":[],"_links":{"self":[{"href":"https:\/\/stage.cemacon.ro\/hu\/wp-json\/wp\/v2\/product\/6746","targetHints":{"allow":["GET"]}}],"collection":[{"href":"https:\/\/stage.cemacon.ro\/hu\/wp-json\/wp\/v2\/product"}],"about":[{"href":"https:\/\/stage.cemacon.ro\/hu\/wp-json\/wp\/v2\/types\/product"}],"replies":[{"embeddable":true,"href":"https:\/\/stage.cemacon.ro\/hu\/wp-json\/wp\/v2\/comments?post=6746"}],"wp:featuredmedia":[{"embeddable":true,"href":"https:\/\/stage.cemacon.ro\/hu\/wp-json\/wp\/v2\/media\/6729"}],"wp:attachment":[{"href":"https:\/\/stage.cemacon.ro\/hu\/wp-json\/wp\/v2\/media?parent=6746"}],"wp:term":[{"taxonomy":"product_brand","embeddable":true,"href":"https:\/\/stage.cemacon.ro\/hu\/wp-json\/wp\/v2\/product_brand?post=6746"},{"taxonomy":"product_cat","embeddable":true,"href":"https:\/\/stage.cemacon.ro\/hu\/wp-json\/wp\/v2\/product_cat?post=6746"},{"taxonomy":"product_tag","embeddable":true,"href":"https:\/\/stage.cemacon.ro\/hu\/wp-json\/wp\/v2\/product_tag?post=6746"}],"curies":[{"name":"wp","href":"https:\/\/api.w.org\/{rel}","templated":true}]}}

VR0107 látványtégla

<p>A VR0107 látványtégla a természetes árnyalatok kiegyensúlyozott kombinációjával nyűgöz le, amelyben a téglaszínű akcentusok harmonikusan ötvöződnek a finom sötétbarna foltokkal. Ez a színpaletta erőteljes vizuális hatást kelt, amelyet a hagyományos anyagok textúrája ihletett. </p>
<p>A VR0107 látványtéglamodell szilárdságot és kifinomultságot sugároz, sokoldalú megjelenése pedig lehetővé teszi, hogy modern koncepciókba vagy klasszikus hatásokkal rendelkező belső terekbe is beilleszthető legyen, egyensúlyt teremtve a múlt és a jelen között.</p>
<p>A gondosan kidolgozott textúra kiemel minden apró részletet, így a homlokzatoknak és a belső tereknek egyedi és emlékezetes hangulatot kölcsönöz. A VR0107 látványtégla több, mint egyszerű burkolóanyag: hozzájárul egy erős, időtálló vizuális identitás kialakításához. Ideális választás azok számára, akik a tartósságot, az eredetiséget és a tartós esztétikai hatást keresik.  </p>
<p>Miért érdemes a VR0107 látványtéglát választani:<br />
• Erős vizuális hatást kelt, amelyet a hagyományos anyagok textúrája ihletett;<br />
• Sokoldalúsága lehetővé teszi a modern építészetbe való beépítését is;<br />
• A sima textúra egyedi hangulatot kölcsönöz a tereknek, és hozzájárul egy erős vizuális identitás kialakításához.</p>

<p>Természetes árnyalatainak kombinációjával, téglavörös akcentusaival és finom sötétbarna foltjaival a VR0107 látványtégla a robusztus elegancia szimbóluma.</p>
