{"id":6783,"date":"2026-07-29T14:17:53","date_gmt":"2026-07-29T14:17:53","guid":{"rendered":"https:\/\/stage.cemacon.ro\/produs\/vr0106-latvanytegla\/"},"modified":"2026-07-29T14:17:53","modified_gmt":"2026-07-29T14:17:53","slug":"vr0106-latvanytegla","status":"publish","type":"product","link":"https:\/\/stage.cemacon.ro\/hu\/produs\/vr0106-latvanytegla\/","title":{"rendered":"VR0106 l\u00e1tv\u00e1nyt\u00e9gla"},"content":{"rendered":"<p>A narancss\u00e1rga \u00e9s a meleg barna \u00e1rnyalatainak kever\u00e9k\u00e9vel a VR0106 l\u00e1tv\u00e1nyt\u00e9gla olyan sz\u00ednkombin\u00e1ci\u00f3t alkot, amely er\u0151t, stabilit\u00e1st \u00e9s hiteless\u00e9get sug\u00e1roz. Kellemes vizu\u00e1lis egyens\u00falyt teremt, m\u00e9lys\u00e9get \u00e9s karaktert k\u00f6lcs\u00f6n\u00f6zve annak a t\u00e9rnek, ahol alkalmazz\u00e1k. <\/p>\n<p>Meleg \u00e1rnyalatai mind a homlokzatokat, mind a bels\u0151 tereket harmonikus \u00e9s kifejez\u0151 terekk\u00e9 var\u00e1zsolj\u00e1k, \u00edgy a szakemberek els\u0151 sz\u00e1m\u00fa v\u00e1laszt\u00e1sa azokn\u00e1l a projektekn\u00e9l, amelyek a hagyom\u00e1nyos b\u00e1jt szeretn\u00e9k modern akcentusokkal \u00f6tv\u00f6zni, rugalmass\u00e1got biztos\u00edtva a k\u00fcl\u00f6nb\u00f6z\u0151 \u00e9p\u00edt\u00e9szeti st\u00edlusok integr\u00e1l\u00e1s\u00e1ban.<\/p>\n<p>Text\u00far\u00e1ja kiemeli az \u00e9p\u00edtm\u00e9ny r\u00e9szleteit, hozz\u00e1j\u00e1rulva a term\u00e9szetes \u00e9s tart\u00f3s megjelen\u00e9shez, mik\u00f6zben egy\u00e9nis\u00e9get \u00e9s vizu\u00e1lis koherenci\u00e1t k\u00f6lcs\u00f6n\u00f6z. A VR0106 l\u00e1tv\u00e1nyt\u00e9gla \u00edgy a tervez\u00e9s meghat\u00e1roz\u00f3 elem\u00e9v\u00e9 v\u00e1lik, eszt\u00e9tikai tart\u00f3ss\u00e1got \u00e9s id\u0151t\u00e1ll\u00f3 jelenl\u00e9tet biztos\u00edtva. <\/p>\n<p>Mi\u00e9rt \u00e9rdemes a VR0106 l\u00e1tv\u00e1nyt\u00e9gl\u00e1t v\u00e1lasztani:<br \/>\n\u2022 A term\u00e9szetes sz\u00ednek kellemes vizu\u00e1lis egyens\u00falyt teremtenek, \u00e9s m\u00e9lys\u00e9get k\u00f6lcs\u00f6n\u00f6znek annak a t\u00e9rnek, ahol alkalmazz\u00e1k;<br \/>\n\u2022 Haszn\u00e1lhat\u00f3 egyedi homlokzatok vagy k\u00fcl\u00f6nleges akcentusfalak kialak\u00edt\u00e1s\u00e1ra;<br \/>\n\u2022 A kiv\u00e9teles eszt\u00e9tikai \u00e9rt\u00e9k mellett tart\u00f3s \u00e9s k\u00f6nnyen felszerelhet\u0151.<\/p>\n","protected":false},"excerpt":{"rendered":"<p>A f\u00f6ldes narancss\u00e1rga \u00e9s a meleg barna intenz\u00edv kever\u00e9k\u00e9vel a VR0106 l\u00e1tv\u00e1nyt\u00e9gla er\u0151t \u00e9s stabilit\u00e1st sug\u00e1roz.<\/p>\n","protected":false},"featured_media":6769,"comment_status":"open","ping_status":"closed","template":"","meta":{"_acf_changed":false},"product_brand":[],"product_cat":[863,867],"product_tag":[],"class_list":["post-6783","product","type-product","status-publish","has-post-thumbnail","product_cat-latvanytegla","product_cat-vis-kollekcio","pa_culoare-piros","pa_forme-lapka","pa_forme-sarokelem","pa_forme-sarokelemek","first","instock","shipping-taxable","product-type-simple"],"acf":[],"_links":{"self":[{"href":"https:\/\/stage.cemacon.ro\/hu\/wp-json\/wp\/v2\/product\/6783","targetHints":{"allow":["GET"]}}],"collection":[{"href":"https:\/\/stage.cemacon.ro\/hu\/wp-json\/wp\/v2\/product"}],"about":[{"href":"https:\/\/stage.cemacon.ro\/hu\/wp-json\/wp\/v2\/types\/product"}],"replies":[{"embeddable":true,"href":"https:\/\/stage.cemacon.ro\/hu\/wp-json\/wp\/v2\/comments?post=6783"}],"wp:featuredmedia":[{"embeddable":true,"href":"https:\/\/stage.cemacon.ro\/hu\/wp-json\/wp\/v2\/media\/6769"}],"wp:attachment":[{"href":"https:\/\/stage.cemacon.ro\/hu\/wp-json\/wp\/v2\/media?parent=6783"}],"wp:term":[{"taxonomy":"product_brand","embeddable":true,"href":"https:\/\/stage.cemacon.ro\/hu\/wp-json\/wp\/v2\/product_brand?post=6783"},{"taxonomy":"product_cat","embeddable":true,"href":"https:\/\/stage.cemacon.ro\/hu\/wp-json\/wp\/v2\/product_cat?post=6783"},{"taxonomy":"product_tag","embeddable":true,"href":"https:\/\/stage.cemacon.ro\/hu\/wp-json\/wp\/v2\/product_tag?post=6783"}],"curies":[{"name":"wp","href":"https:\/\/api.w.org\/{rel}","templated":true}]}}

VR0106 látványtégla

<p>A narancssárga és a meleg barna árnyalatainak keverékével a VR0106 látványtégla olyan színkombinációt alkot, amely erőt, stabilitást és hitelességet sugároz. Kellemes vizuális egyensúlyt teremt, mélységet és karaktert kölcsönözve annak a térnek, ahol alkalmazzák. </p>
<p>Meleg árnyalatai mind a homlokzatokat, mind a belső tereket harmonikus és kifejező terekké varázsolják, így a szakemberek első számú választása azoknál a projekteknél, amelyek a hagyományos bájt szeretnék modern akcentusokkal ötvözni, rugalmasságot biztosítva a különböző építészeti stílusok integrálásában.</p>
<p>Textúrája kiemeli az építmény részleteit, hozzájárulva a természetes és tartós megjelenéshez, miközben egyéniséget és vizuális koherenciát kölcsönöz. A VR0106 látványtégla így a tervezés meghatározó elemévé válik, esztétikai tartósságot és időtálló jelenlétet biztosítva. </p>
<p>Miért érdemes a VR0106 látványtéglát választani:<br />
• A természetes színek kellemes vizuális egyensúlyt teremtenek, és mélységet kölcsönöznek annak a térnek, ahol alkalmazzák;<br />
• Használható egyedi homlokzatok vagy különleges akcentusfalak kialakítására;<br />
• A kivételes esztétikai érték mellett tartós és könnyen felszerelhető.</p>

<p>A földes narancssárga és a meleg barna intenzív keverékével a VR0106 látványtégla erőt és stabilitást sugároz.</p>
